{"id":150,"date":"2014-11-01T15:27:59","date_gmt":"2014-11-01T13:27:59","guid":{"rendered":"http:\/\/www.itukylat.fi\/sarvisalo\/?page_id=150"},"modified":"2025-02-12T23:34:08","modified_gmt":"2025-02-12T21:34:08","slug":"byagarden","status":"publish","type":"page","link":"https:\/\/www.sarfsalo.fi\/fi\/byagarden\/","title":{"rendered":"Byag\u00e5rden"},"content":{"rendered":"<p>&nbsp;<\/p>\n<p><a href=\"https:\/\/www.sarfsalo.fi\/wp-content\/uploads\/sites\/31\/2014\/11\/20_--rsfest_5.jpg\" target=\"_blank\" rel=\"noopener\"><img loading=\"lazy\" decoding=\"async\" class=\"alignright size-medium wp-image-510\" src=\"https:\/\/www.sarfsalo.fi\/wp-content\/uploads\/sites\/31\/2014\/11\/20_--rsfest_5-300x200.jpg\" alt=\"20_\u00e5rsfest_5\" width=\"300\" height=\"200\" data-id=\"510\" srcset=\"https:\/\/www.sarfsalo.fi\/wp-content\/uploads\/sites\/31\/2014\/11\/20_--rsfest_5-300x200.jpg 300w, https:\/\/www.sarfsalo.fi\/wp-content\/uploads\/sites\/31\/2014\/11\/20_--rsfest_5-1024x682.jpg 1024w, https:\/\/www.sarfsalo.fi\/wp-content\/uploads\/sites\/31\/2014\/11\/20_--rsfest_5.jpg 1704w\" sizes=\"auto, (max-width: 300px) 100vw, 300px\" \/><\/a>Tori on kyl\u00e4toimikunnan talon, Byag\u00e5rden&#8217;in, pihapiiriss\u00e4 (Sarvisalontie 1035, H\u00e4rk\u00e4p\u00e4\u00e4). Rakennus tarjoaa kokous- tai juhlatiloja, suihkumahdollisuuden, pyykinpesukoneen tai muita apuv\u00e4lineit\u00e4 kohtuuhintaan. Voit vuokrata keitti\u00f6n ja kokoustilat eri tarkoituksiin, kuten syntym\u00e4p\u00e4iv\u00e4viettoon tai kaste- ja muistotilaisuuksia varten \u2013 hautausmaa ja kappeli kun on l\u00e4hettyvill\u00e4.<\/p>\n<p>Byag\u00e5rden on saaren entinen koulu, joka\u00a0lakkautettiin 1982. K\u00e4ytt\u00f6tarkoitus muuttui \u2013 viisi asuntoa on vuokrattuna ja rakennus toimii keskeisen\u00e4 tapaamispaikkana kyl\u00e4n aktiviteeteille. Voit lukea enemm\u00e4n Byag\u00e5rdenin vaiheista.<\/p>\n<p><strong>Sarfsal\u00f6 Byag\u00e5rd Ab<\/strong>, jonka omistaa Sarvisalon Kyl\u00e4toimikunta, perustettiin v. 1992.\u00a0 Yhteiset tilat on vuokrattavissa juhliin, muistotilaisuuksiin ja pienempiin kokouksiin. Vuosien saatossa, jo koulurakennuksen aikana, on Byag\u00e5rden ollut kyl\u00e4l\u00e4isten ja nykyisin my\u00f6s kes\u00e4vieraiden k\u00e4ytett\u00e4viss\u00e4 erilaisiin tilaisuuksiin. Kun olet j\u00e4rjest\u00e4m\u00e4ss\u00e4 sukujuhlia, syntym\u00e4p\u00e4ivi\u00e4 tai lastenkutsuja, on Byag\u00e5rden oiva paikka keskell\u00e4 kyl\u00e4\u00e4. Tiloihin mahtuu n. 100 henkil\u00f6\u00e4. Tilojen lis\u00e4ksi vuokrataan my\u00f6s erikseen astiastoja ja laseja.<\/p>\n<p><a href=\"https:\/\/www.sarfsalo.fi\/wp-content\/uploads\/sites\/31\/2014\/11\/Yhteislaulu.jpg\" target=\"_blank\" rel=\"noopener\"><img loading=\"lazy\" decoding=\"async\" class=\"size-medium wp-image-513 alignright\" src=\"https:\/\/www.sarfsalo.fi\/wp-content\/uploads\/sites\/31\/2014\/11\/Yhteislaulu-300x183.jpg\" alt=\"Yhteislaulu\" width=\"300\" height=\"183\" data-id=\"513\" srcset=\"https:\/\/www.sarfsalo.fi\/wp-content\/uploads\/sites\/31\/2014\/11\/Yhteislaulu-300x183.jpg 300w, https:\/\/www.sarfsalo.fi\/wp-content\/uploads\/sites\/31\/2014\/11\/Yhteislaulu-1024x626.jpg 1024w\" sizes=\"auto, (max-width: 300px) 100vw, 300px\" \/><\/a><\/p>\n<p><a href=\"https:\/\/www.sarfsalo.fi\/wp-content\/uploads\/sites\/31\/2014\/11\/ruoka.jpg\" target=\"_blank\" rel=\"noopener\"><img loading=\"lazy\" decoding=\"async\" class=\"size-medium wp-image-511 alignleft\" src=\"https:\/\/www.sarfsalo.fi\/wp-content\/uploads\/sites\/31\/2014\/11\/ruoka-300x221.jpg\" alt=\"ruoka\" width=\"300\" height=\"221\" data-id=\"511\" srcset=\"https:\/\/www.sarfsalo.fi\/wp-content\/uploads\/sites\/31\/2014\/11\/ruoka-300x221.jpg 300w, https:\/\/www.sarfsalo.fi\/wp-content\/uploads\/sites\/31\/2014\/11\/ruoka-1024x755.jpg 1024w, https:\/\/www.sarfsalo.fi\/wp-content\/uploads\/sites\/31\/2014\/11\/ruoka.jpg 1600w\" sizes=\"auto, (max-width: 300px) 100vw, 300px\" \/><\/a><\/p>\n<p>&nbsp;<\/p>\n<p><a href=\"https:\/\/www.sarfsalo.fi\/wp-content\/uploads\/sites\/31\/2014\/11\/Talo.jpg\" target=\"_blank\" rel=\"noopener\"><img loading=\"lazy\" decoding=\"async\" class=\"alignleft size-large wp-image-512\" src=\"https:\/\/www.sarfsalo.fi\/wp-content\/uploads\/sites\/31\/2014\/11\/Talo-1024x725.jpg\" alt=\"Talo\" width=\"1024\" height=\"725\" data-id=\"512\" srcset=\"https:\/\/www.sarfsalo.fi\/wp-content\/uploads\/sites\/31\/2014\/11\/Talo-1024x725.jpg 1024w, https:\/\/www.sarfsalo.fi\/wp-content\/uploads\/sites\/31\/2014\/11\/Talo-300x212.jpg 300w, https:\/\/www.sarfsalo.fi\/wp-content\/uploads\/sites\/31\/2014\/11\/Talo.jpg 1682w\" sizes=\"auto, (max-width: 1024px) 100vw, 1024px\" \/><\/a><\/p>\n","protected":false},"excerpt":{"rendered":"<p>&nbsp; Tori on kyl\u00e4toimikunnan talon, Byag\u00e5rden&#8217;in, pihapiiriss\u00e4 (Sarvisalontie 1035, H\u00e4rk\u00e4p\u00e4\u00e4). Rakennus tarjoaa kokous- tai juhlatiloja, suihkumahdollisuuden, pyykinpesukoneen tai muita apuv\u00e4lineit\u00e4 kohtuuhintaan. Voit vuokrata keitti\u00f6n ja kokoustilat eri tarkoituksiin, kuten syntym\u00e4p\u00e4iv\u00e4viettoon tai kaste- ja muistotilaisuuksia varten \u2013 hautausmaa ja kappeli kun on l\u00e4hettyvill\u00e4. Byag\u00e5rden on saaren entinen koulu, joka\u00a0lakkautettiin 1982. K\u00e4ytt\u00f6tarkoitus muuttui \u2013 viisi asuntoa on [&hellip;]<\/p>\n","protected":false},"author":1,"featured_media":0,"parent":0,"menu_order":0,"comment_status":"closed","ping_status":"closed","template":"","meta":{"footnotes":""},"class_list":["post-150","page","type-page","status-publish","hentry"],"_links":{"self":[{"href":"https:\/\/www.sarfsalo.fi\/fi\/wp-json\/wp\/v2\/pages\/150","targetHints":{"allow":["GET"]}}],"collection":[{"href":"https:\/\/www.sarfsalo.fi\/fi\/wp-json\/wp\/v2\/pages"}],"about":[{"href":"https:\/\/www.sarfsalo.fi\/fi\/wp-json\/wp\/v2\/types\/page"}],"author":[{"embeddable":true,"href":"https:\/\/www.sarfsalo.fi\/fi\/wp-json\/wp\/v2\/users\/1"}],"replies":[{"embeddable":true,"href":"https:\/\/www.sarfsalo.fi\/fi\/wp-json\/wp\/v2\/comments?post=150"}],"version-history":[{"count":10,"href":"https:\/\/www.sarfsalo.fi\/fi\/wp-json\/wp\/v2\/pages\/150\/revisions"}],"predecessor-version":[{"id":2054,"href":"https:\/\/www.sarfsalo.fi\/fi\/wp-json\/wp\/v2\/pages\/150\/revisions\/2054"}],"wp:attachment":[{"href":"https:\/\/www.sarfsalo.fi\/fi\/wp-json\/wp\/v2\/media?parent=150"}],"curies":[{"name":"wp","href":"https:\/\/api.w.org\/{rel}","templated":true}]}}

Byagården

<p>&nbsp;</p>
<p><a href="https://www.sarfsalo.fi/wp-content/uploads/sites/31/2014/11/20_--rsfest_5.jpg" target="_blank" rel="noopener"><img loading="lazy" decoding="async" class="alignright size-medium wp-image-510" src="https://www.sarfsalo.fi/wp-content/uploads/sites/31/2014/11/20_--rsfest_5-300x200.jpg" alt="20_årsfest_5" width="300" height="200" data-id="510" srcset="https://www.sarfsalo.fi/wp-content/uploads/sites/31/2014/11/20_--rsfest_5-300x200.jpg 300w, https://www.sarfsalo.fi/wp-content/uploads/sites/31/2014/11/20_--rsfest_5-1024x682.jpg 1024w, https://www.sarfsalo.fi/wp-content/uploads/sites/31/2014/11/20_--rsfest_5.jpg 1704w" sizes="auto, (max-width: 300px) 100vw, 300px" /></a>Tori on kylätoimikunnan talon, Byagården&#8217;in, pihapiirissä (Sarvisalontie 1035, Härkäpää). Rakennus tarjoaa kokous- tai juhlatiloja, suihkumahdollisuuden, pyykinpesukoneen tai muita apuvälineitä kohtuuhintaan. Voit vuokrata keittiön ja kokoustilat eri tarkoituksiin, kuten syntymäpäiväviettoon tai kaste- ja muistotilaisuuksia varten – hautausmaa ja kappeli kun on lähettyvillä.</p>
<p>Byagården on saaren entinen koulu, joka lakkautettiin 1982. Käyttötarkoitus muuttui – viisi asuntoa on vuokrattuna ja rakennus toimii keskeisenä tapaamispaikkana kylän aktiviteeteille. Voit lukea enemmän Byagårdenin vaiheista.</p>
<p><strong>Sarfsalö Byagård Ab</strong>, jonka omistaa Sarvisalon Kylätoimikunta, perustettiin v. 1992.  Yhteiset tilat on vuokrattavissa juhliin, muistotilaisuuksiin ja pienempiin kokouksiin. Vuosien saatossa, jo koulurakennuksen aikana, on Byagården ollut kyläläisten ja nykyisin myös kesävieraiden käytettävissä erilaisiin tilaisuuksiin. Kun olet järjestämässä sukujuhlia, syntymäpäiviä tai lastenkutsuja, on Byagården oiva paikka keskellä kylää. Tiloihin mahtuu n. 100 henkilöä. Tilojen lisäksi vuokrataan myös erikseen astiastoja ja laseja.</p>
<p><a href="https://www.sarfsalo.fi/wp-content/uploads/sites/31/2014/11/Yhteislaulu.jpg" target="_blank" rel="noopener"><img loading="lazy" decoding="async" class="size-medium wp-image-513 alignright" src="https://www.sarfsalo.fi/wp-content/uploads/sites/31/2014/11/Yhteislaulu-300x183.jpg" alt="Yhteislaulu" width="300" height="183" data-id="513" srcset="https://www.sarfsalo.fi/wp-content/uploads/sites/31/2014/11/Yhteislaulu-300x183.jpg 300w, https://www.sarfsalo.fi/wp-content/uploads/sites/31/2014/11/Yhteislaulu-1024x626.jpg 1024w" sizes="auto, (max-width: 300px) 100vw, 300px" /></a></p>
<p><a href="https://www.sarfsalo.fi/wp-content/uploads/sites/31/2014/11/ruoka.jpg" target="_blank" rel="noopener"><img loading="lazy" decoding="async" class="size-medium wp-image-511 alignleft" src="https://www.sarfsalo.fi/wp-content/uploads/sites/31/2014/11/ruoka-300x221.jpg" alt="ruoka" width="300" height="221" data-id="511" srcset="https://www.sarfsalo.fi/wp-content/uploads/sites/31/2014/11/ruoka-300x221.jpg 300w, https://www.sarfsalo.fi/wp-content/uploads/sites/31/2014/11/ruoka-1024x755.jpg 1024w, https://www.sarfsalo.fi/wp-content/uploads/sites/31/2014/11/ruoka.jpg 1600w" sizes="auto, (max-width: 300px) 100vw, 300px" /></a></p>
<p>&nbsp;</p>
<p><a href="https://www.sarfsalo.fi/wp-content/uploads/sites/31/2014/11/Talo.jpg" target="_blank" rel="noopener"><img loading="lazy" decoding="async" class="alignleft size-large wp-image-512" src="https://www.sarfsalo.fi/wp-content/uploads/sites/31/2014/11/Talo-1024x725.jpg" alt="Talo" width="1024" height="725" data-id="512" srcset="https://www.sarfsalo.fi/wp-content/uploads/sites/31/2014/11/Talo-1024x725.jpg 1024w, https://www.sarfsalo.fi/wp-content/uploads/sites/31/2014/11/Talo-300x212.jpg 300w, https://www.sarfsalo.fi/wp-content/uploads/sites/31/2014/11/Talo.jpg 1682w" sizes="auto, (max-width: 1024px) 100vw, 1024px" /></a></p>

<p>&nbsp; Tori on kylätoimikunnan talon, Byagården&#8217;in, pihapiirissä (Sarvisalontie 1035, Härkäpää). Rakennus tarjoaa kokous- tai juhlatiloja, suihkumahdollisuuden, pyykinpesukoneen tai muita apuvälineitä kohtuuhintaan. Voit vuokrata keittiön ja kokoustilat eri tarkoituksiin, kuten syntymäpäiväviettoon tai kaste- ja muistotilaisuuksia varten – hautausmaa ja kappeli kun on lähettyvillä. Byagården on saaren entinen koulu, joka lakkautettiin 1982. Käyttötarkoitus muuttui – viisi asuntoa on [&hellip;]</p>
